901
List the prime factors of 52904.
2, 17, 389
List the prime factors of 3001.
3001
List the prime factors of 192708.
2, 3, 53, 101
List the prime factors of 28775.
5, 1151
What are the prime factors of 23140?
2, 5, 13, 89
What are the prime factors of 1132?
2, 283
List the prime factors of 140.
2, 5, 7
What are the prime factors of 478?
2, 239
List the prime factors of 1657.
1657
What are the prime factors of 4304?
2, 269
What are the prime factors of 727?
727
What are the prime factors of 206?
2, 103
List the prime factors of 86677.
86677
List the prime factors of 867.
3, 17
List the prime factors of 2426.
2, 1213
List the prime factors of 8977.
47, 191
List the prime factors of 9348.
2, 3, 19, 41
What are the prime factors of 15260?
2, 5, 7, 109
List the prime factors of 2239.
2239
List the prime factors of 1349.
19, 71
List the prime factors of 5228.
2, 1307
List the prime factors of 62228.
2, 47, 331
What are the prime factors of 14507?
89, 163
List the prime factors of 20522.
2, 31, 331
List the prime factors of 12687.
3, 4229
List the prime factors of 4947.
3, 17, 97
List the prime factors of 948.
2, 3, 79
What are the prime factors of 1497?
3, 499
List the prime factors of 132089.
23, 5743
What are the prime factors of 784?
2, 7
What are the prime factors of 14210?
2, 5, 7, 29
List the prime factors of 18288.
2, 3, 127
What are the prime factors of 3279?
3, 1093
What are the prime factors of 7160?
2, 5, 179
What are the prime factors of 1309?
7, 11, 17
List the prime factors of 14432.
2, 11, 41
What are the prime factors of 10960?
2, 5, 137
What are the prime factors of 4559?
47, 97
What are the prime factors of 712?
2, 89
List the prime factors of 5064.
2, 3, 211
What are the prime factors of 24735?
3, 5, 17, 97
List the prime factors of 15342.
2, 3, 2557
What are the prime factors of 314?
2, 157
List the prime factors of 111337.
111337
What are the prime factors of 28158?
2, 3, 13, 19
List the prime factors of 203.
7, 29
What are the prime factors of 40993?
40993
What are the prime factors of 1484?
2, 7, 53
What are the prime factors of 983?
983
List the prime factors of 9150.
2, 3, 5, 61
List the prime factors of 393.
3, 131
What are the prime factors of 503?
503
List the prime factors of 1954.
2, 977
List the prime factors of 312.
2, 3, 13
What are the prime factors of 527?
17, 31
What are the prime factors of 433?
433
What are the prime factors of 556?
2, 139
List the prime factors of 3354.
2, 3, 13, 43
List the prime factors of 74599.
7, 10657
List the prime factors of 1581.
3, 17, 31
List the prime factors of 73674.
2, 3, 4093
List the prime factors of 558.
2, 3, 31
List the prime factors of 2670.
2, 3, 5, 89
List the prime factors of 7020.
2, 3, 5, 13
What are the prime factors of 41874?
2, 3, 7, 997
What are the prime factors of 57406?
2, 28703
What are the prime factors of 174?
2, 3, 29
What are the prime factors of 2075?
5, 83
List the prime factors of 23543.
13, 1811
What are the prime factors of 116?
2, 29
List the prime factors of 61157.
23, 2659
List the prime factors of 752.
2, 47
What are the prime factors of 371?
7, 53
List the prime factors of 1791.
3, 199
List the prime factors of 7762.
2, 3881
What are the prime factors of 696?
2, 3, 29
What are the prime factors of 99723?
3, 13, 2557
What are the prime factors of 2111?
2111
List the prime factors of 435.
3, 5, 29
List the prime factors of 1805.
5, 19
What are the prime factors of 57710?
2, 5, 29, 199
List the prime factors of 20586.
2, 3, 47, 73
List the prime factors of 10129.
7, 1447
List the prime factors of 330.
2, 3, 5, 11
List the prime factors of 1912.
2, 239
What are the prime factors of 2554?
2, 1277
What are the prime factors of 2241?
3, 83
What are the prime factors of 101536?
2, 19, 167
List the prime factors of 660.
2, 3, 5, 11
List the prime factors of 95.
5, 19
What are the prime factors of 40574?
2, 20287
List the prime factors of 3383.
17, 199
What are the prime factors of 21290?
2, 5, 2129
List the prime factors of 2345.
5, 7, 67
List the prime factors of 68067.
3, 2521
What are the prime factors of 463?
463
What are the prime factors of 548?
2, 137
List the prime factors of 948.
2, 3, 79
List the prime factors of 158.
2, 79
List the prime factors of 14562.
2, 3, 809
List the prime factors of 3338.
2, 1669
List the prime factors of 1507.
11, 137
What are the prime factors of 254?
2, 127
What are the prime factors of 5193?
3, 577
List the prime factors of 107911.
31, 59
What are the prime factors of 1587?
3, 23
What are the prime factors of 13933?
13933
List the prime factors of 1368.
2, 3, 19
What are the prime factors of 133?
7, 19
What are the prime factors of 5129?
23, 223
What are the prime factors of 787?
787
List the prime factors of 115653.
3, 19, 2029
What are the prime factors of 953?
953
List the prime factors of 12436.
2, 3109
List the prime factors of 49861.
7, 17, 419
List the prime factors of 26972.
2, 11, 613
What are the prime factors of 813?
3, 271
List the prime factors of 7135.
5, 1427
What are the prime factors of 35701?
19, 1879
List the prime factors of 67.
67
What are the prime factors of 22313?
53, 421
What are the prime factors of 2937?
3, 11, 89
List the prime factors of 1816.
2, 227
What are the prime factors of 53?
53
List the prime factors of 425.
5, 17
What are the prime factors of 96788?
2, 24197
List the prime factors of 1957.
19, 103
What are the prime factors of 2318?
2, 19, 61
List the prime factors of 3271.
3271
What are the prime factors of 975?
3, 5, 13
List the prime factors of 7069.
7069
What are the prime factors of 1326?
2, 3, 13, 17
List the prime factors of 32349.
3, 41, 263
What are the prime factors of 5022?
2, 3, 31
What are the prime factors of 3385?
5, 677
What are the prime factors of 36331?
47, 773
What are the prime factors of 1362?
2, 3, 227
What are the prime factors of 7488?
2, 3, 13
List the prime factors of 1733.
1733
List the prime factors of 127323.
3, 7, 43, 47
List the prime factors of 4686.
2, 3, 11, 71
List the prime factors of 41098.
2, 20549
List the prime factors of 22596.
2, 3, 7, 269
List the prime factors of 43771.
7, 13, 37
What are the prime factors of 5661?
3, 17, 37
List the prime factors of 124459.
124459
What are the prime factors of 80730?
2, 3, 5, 13, 23
What are the prime factors of 1835?
5, 367
List the prime factors of 671.
11, 61
List the prime factors of 105160.
2, 5, 11, 239
List the prime factors of 657.
3, 73
List the prime factors of 4126.
2, 2063
What are the prime factors of 9206?
2, 4603
List the prime factors of 5734.
2, 47, 61
List the prime factors of 4345.
5, 11, 79
What are the prime factors of 1000?
2, 5
List the prime factors of 603.
3, 67
What are the prime factors of 81503?
149, 547
List the prime factors of 4413.
3, 1471
List the prime factors of 14030.
2, 5, 23, 61
List the prime factors of 10333.
10333
List the prime factors of 38947.
17, 29, 79
What are the prime factors of 1464?
2, 3, 61
List the prime factors of 5427.
3, 67
List the prime factors of 875.
5, 7
List the prime factors of 120881.
109, 1109
What are the prime factors of 3107?
13, 239
List the prime factors of 177.
3, 59
What are the prime factors of 3250?
2, 5, 13
List the prime factors of 232.
2, 29
What are the prime factors of 1672?
2, 11, 19
List the prime factors of 7857.
3, 97
What are the prime factors of 183383?
183383
List the prime factors of 1490.
2, 5, 149
List the prime factors of 773.
773
What are the prime factors of 510?
2, 3, 5, 17
What are the prime factors of 81621?
3, 3023
What are the prime factors of 20097?
3, 7, 11, 29
What are the prime factors of 1742?
2, 13, 67
What are the prime factors of 941?
941
What are the prime factors of 133516?
2, 29, 1151
What are the prime factors of 59631?
3, 11, 13, 139
List the prime factors of 221.
13, 17
What are the prime factors of 173452?
2, 103, 421
List the prime factors of 4647.
3, 1549
What are the prime factors of 1790?
2, 5, 179
What are the prime factors of 1029?
3, 7
What are the prime factors of 37175?
5, 1487
List the prime factors of 1327.
1327
What are the prime factors of 49408?
2, 193
What are the prime factors of 2083?
2083
What are the prime factors of 2144?
2, 67
List the prime factors of 4095.
3, 5